rime factors of 31552.
2, 17, 29
What are the prime factors of 673?
673
What are the prime factors of 1435?
5, 7, 41
List the prime factors of 28260.
2, 3, 5, 157
What are the prime factors of 22746?
2, 3, 17, 223
List the prime factors of 45883.
17, 2699
List the prime factors of 23590.
2, 5, 7, 337
What are the prime factors of 105?
3, 5, 7
List the prime factors of 1708.
2, 7, 61
What are the prime factors of 183?
3, 61
What are the prime factors of 7643?
7643
What are the prime factors of 15497?
15497
List the prime factors of 14209.
13, 1093
What are the prime factors of 14792?
2, 43
List the prime factors of 2566.
2, 1283
What are the prime factors of 132416?
2, 2069
What are the prime factors of 5126?
2, 11, 233
List the prime factors of 1123.
1123
What are the prime factors of 2629?
11, 239
List the prime factors of 5964.
2, 3, 7, 71
List the prime factors of 16883.
16883
What are the prime factors of 1267?
7, 181
What are the prime factors of 246?
2, 3, 41
List the prime factors of 6962.
2, 59
List the prime factors of 16390.
2, 5, 11, 149
List the prime factors of 309.
3, 103
What are the prime factors of 72813?
3, 13, 1867
List the prime factors of 8176.
2, 7, 73
List the prime factors of 1188.
2, 3, 11
What are the prime factors of 76558?
2, 101, 379
List the prime factors of 28332.
2, 3, 787
List the prime factors of 62177.
97, 641
What are the prime factors of 9242?
2, 4621
What are the prime factors of 859?
859
What are the prime factors of 102880?
2, 5, 643
What are the prime factors of 671?
11, 61
List the prime factors of 4225.
5, 13
List the prime factors of 4378.
2, 11, 199
What are the prime factors of 14626?
2, 71, 103
List the prime factors of 1415.
5, 283
What are the prime factors of 49188?
2, 3, 4099
What are the prime factors of 26342?
2, 13171
List the prime factors of 5746.
2, 13, 17
What are the prime factors of 139?
139
List the prime factors of 23075.
5, 13, 71
What are the prime factors of 715?
5, 11, 13
List the prime factors of 11414.
2, 13, 439
List the prime factors of 121717.
59, 2063
List the prime factors of 73912.
2, 9239
What are the prime factors of 5270?
2, 5, 17, 31
List the prime factors of 2157.
3, 719
What are the prime factors of 13535?
5, 2707
List the prime factors of 42335.
5, 8467
What are the prime factors of 2998?
2, 1499
List the prime factors of 328.
2, 41
List the prime factors of 38055.
3, 5, 43, 59
List the prime factors of 3593.
3593
What are the prime factors of 6188?
2, 7, 13, 17
What are the prime factors of 71908?
2, 17977
List the prime factors of 1058.
2, 23
What are the prime factors of 541?
541
What are the prime factors of 51129?
3, 13, 19, 23
What are the prime factors of 66250?
2, 5, 53
What are the prime factors of 138344?
2, 17293
List the prime factors of 73717.
7, 10531
List the prime factors of 4759.
4759
List the prime factors of 3692.
2, 13, 71
What are the prime factors of 45534?
2, 3, 7589
List the prime factors of 2718.
2, 3, 151
What are the prime factors of 174331?
174331
List the prime factors of 7765.
5, 1553
What are the prime factors of 322?
2, 7, 23
What are the prime factors of 12351?
3, 23, 179
List the prime factors of 1713.
3, 571
What are the prime factors of 1604?
2, 401
List the prime factors of 18238.
2, 11, 829
List the prime factors of 8876.
2, 7, 317
List the prime factors of 302.
2, 151
List the prime factors of 3933.
3, 19, 23
What are the prime factors of 30837?
3, 19, 541
What are the prime factors of 22522?
2, 11261
What are the prime factors of 589?
19, 31
List the prime factors of 1505.
5, 7, 43
What are the prime factors of 2563?
11, 233
List the prime factors of 24457.
37, 661
What are the prime factors of 5450?
2, 5, 109
What are the prime factors of 48301?
11, 4391
What are the prime factors of 35746?
2, 61, 293
List the prime factors of 231.
3, 7, 11
List the prime factors of 43376.
2, 2711
List the prime factors of 2384.
2, 149
What are the prime factors of 126213?
3, 42071
What are the prime factors of 1639?
11, 149
List the prime factors of 1146.
2, 3, 191
List the prime factors of 2528.
2, 79
What are the prime factors of 21859?
21859
What are the prime factors of 16076?
2, 4019
What are the prime factors of 415?
5, 83
List the prime factors of 16555.
5, 7, 11, 43
List the prime factors of 71207.
31, 2297
What are the prime factors of 42446?
2, 19, 1117
List the prime factors of 2835.
3, 5, 7
List the prime factors of 4530.
2, 3, 5, 151
List the prime factors of 4149.
3, 461
What are the prime factors of 36129?
3, 12043
What are the prime factors of 6259?
11, 569
List the prime factors of 620.
2, 5, 31
What are the prime factors of 4225?
5, 13
What are the prime factors of 67304?
2, 47, 179
What are the prime factors of 3601?
13, 277
List the prime factors of 5223.
3, 1741
List the prime factors of 1427.
1427
What are the prime factors of 81582?
2, 3, 13597
What are the prime factors of 757?
757
What are the prime factors of 2118?
2, 3, 353
What are the prime factors of 1212?
2, 3, 101
List the prime factors of 2352.
2, 3, 7
What are the prime factors of 5582?
2, 2791
List the prime factors of 2844.
2, 3, 79
List the prime factors of 37825.
5, 17, 89
List the prime factors of 1809.
3, 67
What are the prime factors of 910?
2, 5, 7, 13
What are the prime factors of 40620?
2, 3, 5, 677
List the prime factors of 4651.
4651
What are the prime factors of 1773?
3, 197
List the prime factors of 3264.
2, 3, 17
What are the prime factors of 6343?
6343
List the prime factors of 1229.
1229
List the prime factors of 55926.
2, 3, 13, 239
What are the prime factors of 6985?
5, 11, 127
What are the prime factors of 34273?
34273
What are the prime factors of 6609?
3, 2203
What are the prime factors of 3130?
2, 5, 313
What are the prime factors of 236?
2, 59
What are the prime factors of 201?
3, 67
List the prime factors of 27719.
53, 523
List the prime factors of 2759.
31, 89
List the prime factors of 1053.
3, 13
What are the prime factors of 2248?
2, 281
List the prime factors of 14039.
101, 139
What are the prime factors of 1107?
3, 41
List the prime factors of 49782.
2, 3, 8297
What are the prime factors of 22096?
2, 1381
List the prime factors of 6857.
6857
List the prime factors of 433.
433
List the prime factors of 10080.
2, 3, 5, 7
What are the prime factors of 2603?
19, 137
What are the prime factors of 1644?
2, 3, 137
List the prime factors of 53083.
109, 487
List the prime factors of 3945.
3, 5, 263
What are the prime factors of 189?
3, 7
What are the prime factors of 891?
3, 11
What are the prime factors of 1224?
2, 3, 17
What are the prime factors of 1273?
19, 67
List the prime factors of 237.
3, 79
What are the prime factors of 7362?
2, 3, 409
List the prime factors of 432.
2, 3
What are the prime factors of 123655?
5, 7, 3533
What are the prime factors of 25252?
2, 59, 107
What are the prime factors of 11202?
2, 3, 1867
What are the prime factors of 4045?
5, 809
What are the prime factors of 7032?
2, 3, 293
What are the prime factors of 125241?
3, 109, 383
What are the prime factors of 30666?
2, 3, 19, 269
List the prime factors of 422.
2, 211
List the prime factors of 3320.
2, 5, 83
List the prime factors of 41.
41
What are the prime factors of 10149?
3, 17, 199
What are the prime factors of 75238?
2, 37619
List the prime factors of 56896.
2, 7, 127
What are the prime factors of 896?
2, 7
List the prime factors of 4474.
2, 2237
List the prime factors of 16018.
2, 8009
What are the prime factors of 3760?
2, 5, 47
List the prime factors of 2399.
2399
What are the prime factors of 39785?
5, 73, 109
What are the prime factors of 36518?
2, 19, 31
What are the prime factors of 8067?
3, 2689
List the prime factors of 1936.
2, 11
What are the prime factors of 2096?
2, 131
What are the prime factors of 20001?
3, 59, 113
What are the prime factors of 3137?
3137
List the prime factors of 6422.
2, 13, 19
List the prime factors of 60.
2, 3, 5
List the prime factors of 20822.
2, 29, 359
List the prime factors of 256.
2
What are the prime factors of 5437?
5437
List the prime factors of 5024.
2, 157
What are the prime factors of 7023?
3, 2341
What are the prime factors of 181?
181
List the prime factors of 8105.
5, 1621
What are the prime fac